{"id":614,"date":"2025-11-04T17:56:57","date_gmt":"2025-11-04T17:56:57","guid":{"rendered":"https:\/\/entredeuxmailles.com\/index.php\/product\/la-famille-flamant-rose-maman-oeuf-bebe\/"},"modified":"2025-11-29T21:15:34","modified_gmt":"2025-11-30T02:15:34","slug":"la-famille-flamant-rose-maman-oeuf-bebe","status":"publish","type":"product","link":"https:\/\/entredeuxmailles.com\/index.php\/product\/la-famille-flamant-rose-maman-oeuf-bebe\/","title":{"rendered":"La famille Flamant Rose (Maman, Oeuf, B\u00e9b\u00e9)"},"content":{"rendered":"","protected":false},"excerpt":{"rendered":"<div>\n<div>\n<p>Maman flamant rose munie d\u2019une poche ventrale pour y cacher un oeuf dans lequel on d\u00e9couvre un petit b\u00e9b\u00e9 flamant. Cette famille de peluches est aussi mignonne et que douce, faite \u00e0 la main avec amour pour les tout-petits et les plus grands. L\u2019enfant peut s\u2019amuser \u00e0 retirer et ins\u00e9rer l\u2019oeuf dans le ventre de la maman et sortir le petit b\u00e9b\u00e9 de l\u2019oeuf. S\u00fbre, douce pour la peau d\u00e9licate, parfaite \u00e0 offrir pour un anniversaire, une d\u00e9coration de chambre d&rsquo;enfant ou, tout simplement, comme peluche \u00e0 c\u00e2liner.<\/p>\n<\/div>\n<div>\n<p>Cette peluche est soigneusement crochet\u00e9e \u00e0 partir de fil chenille 100 % polyester et hypoallerg\u00e9nique.<\/p>\n<\/div>\n<div>\n<p>Mat\u00e9riaux :<\/p>\n<\/div>\n<ul>\n<li>Fil chenille 100 % polyester adapt\u00e9 aux enfants et b\u00e9b\u00e9s<\/li>\n<li>Rembourrage en fibre de polyester hypoallerg\u00e9nique<\/li>\n<li>Yeux avec ancrage sp\u00e9ciaux pour une s\u00e9curit\u00e9 maximale<\/li>\n<\/ul>\n<div>\n<p>Dimensions :<\/p>\n<\/div>\n<ul>\n<li>Hauteur : 30 cm (4 po) &#8211; position assise<\/li>\n<li>Longueur : 20 cm (5 po)<\/li>\n<\/ul>\n<div>\n<p>Conseils d\u2019entretien :<\/p>\n<\/div>\n<ul>\n<li>Lavage \u00e0 la main uniquement<\/li>\n<li>S\u00e9chage \u00e0 l\u2019air libre<\/li>\n<\/ul>\n<div>\n<p>Patron utilis\u00e9 provient de : All from Jade<\/p>\n<\/div>\n<\/div>\n","protected":false},"featured_media":881,"comment_status":"open","ping_status":"closed","template":"","meta":[],"product_brand":[],"product_cat":[36,21,23],"product_tag":[],"class_list":{"0":"post-614","1":"product","2":"type-product","3":"status-publish","4":"has-post-thumbnail","6":"product_cat-amigurumi","7":"product_cat-crochet","8":"product_cat-peluches","10":"first","11":"onbackorder","12":"shipping-taxable","13":"purchasable","14":"product-type-simple"},"jetpack_sharing_enabled":true,"_links":{"self":[{"href":"https:\/\/entredeuxmailles.com\/index.php\/wp-json\/wp\/v2\/product\/614","targetHints":{"allow":["GET"]}}],"collection":[{"href":"https:\/\/entredeuxmailles.com\/index.php\/wp-json\/wp\/v2\/product"}],"about":[{"href":"https:\/\/entredeuxmailles.com\/index.php\/wp-json\/wp\/v2\/types\/product"}],"replies":[{"embeddable":true,"href":"https:\/\/entredeuxmailles.com\/index.php\/wp-json\/wp\/v2\/comments?post=614"}],"wp:featuredmedia":[{"embeddable":true,"href":"https:\/\/entredeuxmailles.com\/index.php\/wp-json\/wp\/v2\/media\/881"}],"wp:attachment":[{"href":"https:\/\/entredeuxmailles.com\/index.php\/wp-json\/wp\/v2\/media?parent=614"}],"wp:term":[{"taxonomy":"product_brand","embeddable":true,"href":"https:\/\/entredeuxmailles.com\/index.php\/wp-json\/wp\/v2\/product_brand?post=614"},{"taxonomy":"product_cat","embeddable":true,"href":"https:\/\/entredeuxmailles.com\/index.php\/wp-json\/wp\/v2\/product_cat?post=614"},{"taxonomy":"product_tag","embeddable":true,"href":"https:\/\/entredeuxmailles.com\/index.php\/wp-json\/wp\/v2\/product_tag?post=614"}],"curies":[{"name":"wp","href":"https:\/\/api.w.org\/{rel}","templated":true}]}}